{"id":7,"date":"2015-01-22T16:48:24","date_gmt":"2015-01-22T16:48:24","guid":{"rendered":"https:\/\/2015.lyon.wordcamp.org\/sessions\/"},"modified":"2015-05-04T14:50:18","modified_gmt":"2015-05-04T12:50:18","slug":"programme","status":"publish","type":"page","link":"https:\/\/lyon.wordcamp.org\/2015\/programme\/","title":{"rendered":"Programme"},"content":{"rendered":"<p>Voici la feuille de route pour cette premi\u00e8re r\u00e9gate \u00ab\u00a0WordCamp Lyon\u00a0\u00bb le vendredi 5 juin.<\/p>\n<p>Vous aurez la chance de rencontrer \u00e0 bord de talentueux navigateurs qui t\u00e9moigneront de leurs exp\u00e9riences WordPress. Ils viennent partager avec vous leurs connaissances, leurs outils, leur r\u00e9flexion&#8230;pour qu&rsquo;\u00e0 votre tour vous puissiez prendre la mer en toute s\u00e9r\u00e9nit\u00e9.<\/p>\n<p>Nous esp\u00e9rons que les vents seront avec nous pour cette premi\u00e8re aventure.<br \/>\nRendez-vous sur le ponton pour un caf\u00e9 avant de prendre le large !<\/p>\n<table class=\"wcpt-schedule\" border=\"0\"><thead><tr><th class=\"wcpt-col-time\">Heure<\/th><th class=\"wcpt-col-track\"> <span class=\"wcpt-track-name\">Conf\u00e9rence<\/span> <span class=\"wcpt-track-description\"><\/span> <\/th><th class=\"wcpt-col-track\"> <span class=\"wcpt-track-name\">Pitch a plugin<\/span> <span class=\"wcpt-track-description\"><\/span> <\/th><\/tr><\/thead><tbody><tr class=\"wcpt-time-8h30 global-session accueil-et-petit-djeuner\"><td class=\"wcpt-time\">8h30<\/td><td colspan=\"2\" class=\"wcb-track-conference wcb-track-pitch-a-plugin wcpt-session-type-custom wcb-session-accueil-et-petit-dejeuner\" data-track-title=\"Conf\u00e9rence, Pitch a plugin\" data-session-id=\"508\"><div class=\"wcb-session-cell-content\"><span class=\"wcpt-session-title\">Accueil et Petit D\u00e9jeuner<\/span><\/div><\/td><\/tr><tr class=\"wcpt-time-9h15 global-session crmonie-douverture\"><td class=\"wcpt-time\">9h15<\/td><td colspan=\"2\" class=\"wcb-track-conference wcb-track-pitch-a-plugin wcpt-session-type-custom wcb-session-ceremonie-douverture\" data-track-title=\"Conf\u00e9rence, Pitch a plugin\" data-session-id=\"510\"><div class=\"wcb-session-cell-content\"><span class=\"wcpt-session-title\">C\u00e9r\u00e9monie d&rsquo;ouverture<\/span><\/div><\/td><\/tr><tr class=\"wcpt-time-9h30\"><td class=\"wcpt-time\">9h30<\/td><td colspan=\"1\" class=\"wcb-speaker-thierry-pigot wcb-track-conference wcpt-session-type-session wcb-session-grandir-avec-wordpress\" data-track-title=\"Conf\u00e9rence\" data-session-id=\"514\"><div class=\"wcb-session-cell-content\"><a class=\"wcpt-session-title\" href=\"https:\/\/lyon.wordcamp.org\/2015\/session\/grandir-avec-wordpress\/\">Reconversion et business : grandir avec WordPress<\/a> <span class=\"wcpt-session-speakers\"><a href=\"https:\/\/lyon.wordcamp.org\/2015\/orateurs\/#wcorg-speaker-thierry-pigot\">Thierry Pigot<\/a><\/span><\/div><div class=\"wcb-session-favourite-icon\"><a href=\"#\" role=\"button\" class=\"fav-session-button\" aria-pressed=\"false\"><span class=\"screen-reader-text\">Session pr\u00e9f\u00e9r\u00e9e\u00a0: Reconversion et business : grandir avec WordPress<\/span><span class=\"dashicons dashicons-star-filled\"><\/span><\/a><\/div><\/td><td colspan=\"1\" class=\"wcb-speaker-remy-perona wcb-track-pitch-a-plugin wcpt-session-type-session wcb-session-geolocaliser-les-contenus-de-votre-site-wordpress\" data-track-title=\"Pitch a plugin\" data-session-id=\"504\"><div class=\"wcb-session-cell-content\"><a class=\"wcpt-session-title\" href=\"https:\/\/lyon.wordcamp.org\/2015\/session\/geolocaliser-les-contenus-de-votre-site-wordpress\/\">G\u00e9olocalisez vos contenus gr\u00e2ce \u00e0 Geo Mashup<\/a> <span class=\"wcpt-session-speakers\"><a href=\"https:\/\/lyon.wordcamp.org\/2015\/orateurs\/#wcorg-speaker-remy-perona\">R\u00e9my Perona<\/a><\/span><\/div><div class=\"wcb-session-favourite-icon\"><a href=\"#\" role=\"button\" class=\"fav-session-button\" aria-pressed=\"false\"><span class=\"screen-reader-text\">Session pr\u00e9f\u00e9r\u00e9e\u00a0: G\u00e9olocalisez vos contenus gr\u00e2ce \u00e0 Geo Mashup<\/span><span class=\"dashicons dashicons-star-filled\"><\/span><\/a><\/div><\/td><\/tr><tr class=\"wcpt-time-10h15\"><td class=\"wcpt-time\">10h15<\/td><td colspan=\"1\" class=\"wcb-speaker-maxime-bernard-jacquet wcb-track-conference wcpt-session-type-session wcb-session-comment-sorganiser-en-equipe-autour-dun-projet-wordpress\" data-track-title=\"Conf\u00e9rence\" data-session-id=\"541\"><div class=\"wcb-session-cell-content\"><a class=\"wcpt-session-title\" href=\"https:\/\/lyon.wordcamp.org\/2015\/session\/comment-sorganiser-en-equipe-autour-dun-projet-wordpress\/\">Comment s&rsquo;organiser en \u00e9quipe autour d&rsquo;un projet WordPress<\/a> <span class=\"wcpt-session-speakers\"><a href=\"https:\/\/lyon.wordcamp.org\/2015\/orateurs\/#wcorg-speaker-maxime-bernard-jacquet\">Maxime Bernard-Jacquet<\/a><\/span><\/div><div class=\"wcb-session-favourite-icon\"><a href=\"#\" role=\"button\" class=\"fav-session-button\" aria-pressed=\"false\"><span class=\"screen-reader-text\">Session pr\u00e9f\u00e9r\u00e9e\u00a0: Comment s&rsquo;organiser en \u00e9quipe autour d&rsquo;un projet WordPress<\/span><span class=\"dashicons dashicons-star-filled\"><\/span><\/a><\/div><\/td><td colspan=\"1\" class=\"wcb-speaker-alexandre-bortolotti wcb-track-pitch-a-plugin wcpt-session-type-session wcb-session-vendre-des-produits-numeriques-avec-easy-digital-downloads\" data-track-title=\"Pitch a plugin\" data-session-id=\"506\"><div class=\"wcb-session-cell-content\"><a class=\"wcpt-session-title\" href=\"https:\/\/lyon.wordcamp.org\/2015\/session\/vendre-des-produits-numeriques-avec-easy-digital-downloads\/\">Vendre des produits num\u00e9riques avec Easy Digital Downloads<\/a> <span class=\"wcpt-session-speakers\"><a href=\"https:\/\/lyon.wordcamp.org\/2015\/orateurs\/#wcorg-speaker-alexandre-bortolotti\">Alexandre Bortolotti<\/a><\/span><\/div><div class=\"wcb-session-favourite-icon\"><a href=\"#\" role=\"button\" class=\"fav-session-button\" aria-pressed=\"false\"><span class=\"screen-reader-text\">Session pr\u00e9f\u00e9r\u00e9e\u00a0: Vendre des produits num\u00e9riques avec Easy Digital Downloads<\/span><span class=\"dashicons dashicons-star-filled\"><\/span><\/a><\/div><\/td><\/tr><tr class=\"wcpt-time-11h00 global-session pause\"><td class=\"wcpt-time\">11h00<\/td><td colspan=\"2\" class=\"wcb-track-conference wcb-track-pitch-a-plugin wcpt-session-type-custom wcb-session-pause\" data-track-title=\"Conf\u00e9rence, Pitch a plugin\" data-session-id=\"512\"><div class=\"wcb-session-cell-content\"><span class=\"wcpt-session-title\">Pause<\/span><\/div><\/td><\/tr><tr class=\"wcpt-time-11h30\"><td class=\"wcpt-time\">11h30<\/td><td colspan=\"1\" class=\"wcb-speaker-emilie-lebrun wcb-track-conference wcpt-session-type-session wcb-session-tele-z-un-magazine-tele-multi-device-sous-wordpress\" data-track-title=\"Conf\u00e9rence\" data-session-id=\"462\"><div class=\"wcb-session-cell-content\"><a class=\"wcpt-session-title\" href=\"https:\/\/lyon.wordcamp.org\/2015\/session\/tele-z-un-magazine-tele-multi-device-sous-wordpress\/\">T\u00e9l\u00e9 Z, un magazine t\u00e9l\u00e9 multi device sous WordPress<\/a> <span class=\"wcpt-session-speakers\"><a href=\"https:\/\/lyon.wordcamp.org\/2015\/orateurs\/#wcorg-speaker-emilie-lebrun\">Emilie Lebrun<\/a><\/span><\/div><div class=\"wcb-session-favourite-icon\"><a href=\"#\" role=\"button\" class=\"fav-session-button\" aria-pressed=\"false\"><span class=\"screen-reader-text\">Session pr\u00e9f\u00e9r\u00e9e\u00a0: T\u00e9l\u00e9 Z, un magazine t\u00e9l\u00e9 multi device sous WordPress<\/span><span class=\"dashicons dashicons-star-filled\"><\/span><\/a><\/div><\/td><td colspan=\"1\" class=\"wcb-speaker-mathieu-viet wcb-track-pitch-a-plugin wcpt-session-type-session wcb-session-tirer-profit-de-buddypress-pour-accelerer-vos-projets-wordpress\" data-track-title=\"Pitch a plugin\" data-session-id=\"545\"><div class=\"wcb-session-cell-content\"><a class=\"wcpt-session-title\" href=\"https:\/\/lyon.wordcamp.org\/2015\/session\/tirer-profit-de-buddypress-pour-accelerer-vos-projets-wordpress\/\">Tirer profit de BuddyPress pour acc\u00e9l\u00e9rer vos projets WordPress<\/a> <span class=\"wcpt-session-speakers\"><a href=\"https:\/\/lyon.wordcamp.org\/2015\/orateurs\/#wcorg-speaker-mathieu-viet\">Mathieu Viet<\/a><\/span><\/div><div class=\"wcb-session-favourite-icon\"><a href=\"#\" role=\"button\" class=\"fav-session-button\" aria-pressed=\"false\"><span class=\"screen-reader-text\">Session pr\u00e9f\u00e9r\u00e9e\u00a0: Tirer profit de BuddyPress pour acc\u00e9l\u00e9rer vos projets WordPress<\/span><span class=\"dashicons dashicons-star-filled\"><\/span><\/a><\/div><\/td><\/tr><tr class=\"wcpt-time-12h15\"><td class=\"wcpt-time\">12h15<\/td><td colspan=\"1\" class=\"wcb-speaker-sebastien-de-carvalho wcb-track-conference wcpt-session-type-session wcb-session-lart-de-se-constituer-une-mailing-liste-les-outils-et-techniques-qui-fonctionnent-en-2015\" data-track-title=\"Conf\u00e9rence\" data-session-id=\"549\"><div class=\"wcb-session-cell-content\"><a class=\"wcpt-session-title\" href=\"https:\/\/lyon.wordcamp.org\/2015\/session\/lart-de-se-constituer-une-mailing-liste-les-outils-et-techniques-qui-fonctionnent-en-2015\/\">L&rsquo;art de se constituer une mailing liste, les outils et techniques qui fonctionnent en 2015<\/a> <span class=\"wcpt-session-speakers\"><a href=\"https:\/\/lyon.wordcamp.org\/2015\/orateurs\/#wcorg-speaker-sebastien-de-carvalho\">S\u00e9bastien De Carvalho<\/a><\/span><\/div><div class=\"wcb-session-favourite-icon\"><a href=\"#\" role=\"button\" class=\"fav-session-button\" aria-pressed=\"false\"><span class=\"screen-reader-text\">Session pr\u00e9f\u00e9r\u00e9e\u00a0: L&rsquo;art de se constituer une mailing liste, les outils et techniques qui fonctionnent en 2015<\/span><span class=\"dashicons dashicons-star-filled\"><\/span><\/a><\/div><\/td><td colspan=\"1\" class=\"wcb-speaker-sebastien-gest wcb-track-pitch-a-plugin wcpt-session-type-session wcb-session-osez-le-saas-ou-comment-industrialiser-et-automatiser-votre-production-de-site-wordpress-avec-mill\" data-track-title=\"Pitch a plugin\" data-session-id=\"551\"><div class=\"wcb-session-cell-content\"><a class=\"wcpt-session-title\" href=\"https:\/\/lyon.wordcamp.org\/2015\/session\/osez-le-saas-ou-comment-industrialiser-et-automatiser-votre-production-de-site-wordpress-avec-mill\/\">Osez le SaaS ! ou comment industrialiser et automatiser votre production de site WordPress avec Mill<\/a> <span class=\"wcpt-session-speakers\"><a href=\"https:\/\/lyon.wordcamp.org\/2015\/orateurs\/#wcorg-speaker-sebastien-gest\">S\u00e9bastien Gest<\/a><\/span><\/div><div class=\"wcb-session-favourite-icon\"><a href=\"#\" role=\"button\" class=\"fav-session-button\" aria-pressed=\"false\"><span class=\"screen-reader-text\">Session pr\u00e9f\u00e9r\u00e9e\u00a0: Osez le SaaS ! ou comment industrialiser et automatiser votre production de site WordPress avec Mill<\/span><span class=\"dashicons dashicons-star-filled\"><\/span><\/a><\/div><\/td><\/tr><tr class=\"wcpt-time-13h00 global-session djeuner\"><td class=\"wcpt-time\">13h00<\/td><td colspan=\"2\" class=\"wcb-track-conference wcb-track-pitch-a-plugin wcpt-session-type-custom wcb-session-dejeuner\" data-track-title=\"Conf\u00e9rence, Pitch a plugin\" data-session-id=\"553\"><div class=\"wcb-session-cell-content\"><span class=\"wcpt-session-title\">D\u00e9jeuner<\/span><\/div><\/td><\/tr><tr class=\"wcpt-time-14h30\"><td class=\"wcpt-time\">14h30<\/td><td colspan=\"1\" class=\"wcb-speaker-noemi-martinelli wcb-track-conference wcpt-session-type-session wcb-session-vivre-de-son-blog-mirage-ou-realite\" data-track-title=\"Conf\u00e9rence\" data-session-id=\"617\"><div class=\"wcb-session-cell-content\"><a class=\"wcpt-session-title\" href=\"https:\/\/lyon.wordcamp.org\/2015\/session\/vivre-de-son-blog-mirage-ou-realite\/\">Vivre de son blog : mirage ou r\u00e9alit\u00e9 ?<\/a> <span class=\"wcpt-session-speakers\"><a href=\"https:\/\/lyon.wordcamp.org\/2015\/orateurs\/#wcorg-speaker-noemi-martinelli\">Noemi Martinelli<\/a><\/span><\/div><div class=\"wcb-session-favourite-icon\"><a href=\"#\" role=\"button\" class=\"fav-session-button\" aria-pressed=\"false\"><span class=\"screen-reader-text\">Session pr\u00e9f\u00e9r\u00e9e\u00a0: Vivre de son blog : mirage ou r\u00e9alit\u00e9 ?<\/span><span class=\"dashicons dashicons-star-filled\"><\/span><\/a><\/div><\/td><td colspan=\"1\" class=\"wcb-speaker-thierry-pigot wcb-track-pitch-a-plugin wcpt-session-type-session wcb-session-monter-rapidement-un-store-locator-avec-acf\" data-track-title=\"Pitch a plugin\" data-session-id=\"562\"><div class=\"wcb-session-cell-content\"><a class=\"wcpt-session-title\" href=\"https:\/\/lyon.wordcamp.org\/2015\/session\/monter-rapidement-un-store-locator-avec-acf\/\">Monter rapidement un store locator avec ACF<\/a> <span class=\"wcpt-session-speakers\"><a href=\"https:\/\/lyon.wordcamp.org\/2015\/orateurs\/#wcorg-speaker-thierry-pigot\">Thierry Pigot<\/a><\/span><\/div><div class=\"wcb-session-favourite-icon\"><a href=\"#\" role=\"button\" class=\"fav-session-button\" aria-pressed=\"false\"><span class=\"screen-reader-text\">Session pr\u00e9f\u00e9r\u00e9e\u00a0: Monter rapidement un store locator avec ACF<\/span><span class=\"dashicons dashicons-star-filled\"><\/span><\/a><\/div><\/td><\/tr><tr class=\"wcpt-time-15h15\"><td class=\"wcpt-time\">15h15<\/td><td colspan=\"1\" class=\"wcb-speaker-julio-potier wcb-track-conference wcpt-session-type-session wcb-session-pourquoi-wordpress-est-le-cms-le-plus-securise\" data-track-title=\"Conf\u00e9rence\" data-session-id=\"560\"><div class=\"wcb-session-cell-content\"><a class=\"wcpt-session-title\" href=\"https:\/\/lyon.wordcamp.org\/2015\/session\/pourquoi-wordpress-est-le-cms-le-plus-securise\/\">Pourquoi WordPress est le CMS le plus s\u00e9curis\u00e9 ?<\/a> <span class=\"wcpt-session-speakers\"><a href=\"https:\/\/lyon.wordcamp.org\/2015\/orateurs\/#wcorg-speaker-julio-potier\">Julio Potier<\/a><\/span><\/div><div class=\"wcb-session-favourite-icon\"><a href=\"#\" role=\"button\" class=\"fav-session-button\" aria-pressed=\"false\"><span class=\"screen-reader-text\">Session pr\u00e9f\u00e9r\u00e9e\u00a0: Pourquoi WordPress est le CMS le plus s\u00e9curis\u00e9 ?<\/span><span class=\"dashicons dashicons-star-filled\"><\/span><\/a><\/div><\/td><td colspan=\"1\" class=\"wcb-speaker-lionel-pointet wcb-speaker-mathieu-le-roi wcb-track-pitch-a-plugin wcpt-session-type-session wcb-session-40-minutes-pour-construire-une-application-mobile-reliee-a-wordpress-avec-wp-appkit\" data-track-title=\"Pitch a plugin\" data-session-id=\"568\"><div class=\"wcb-session-cell-content\"><a class=\"wcpt-session-title\" href=\"https:\/\/lyon.wordcamp.org\/2015\/session\/40-minutes-pour-construire-une-application-mobile-reliee-a-wordpress-avec-wp-appkit\/\">40 minutes pour construire une application mobile reli\u00e9e \u00e0 WordPress avec WP AppKit<\/a> <span class=\"wcpt-session-speakers\"><a href=\"https:\/\/lyon.wordcamp.org\/2015\/orateurs\/#wcorg-speaker-lionel-pointet\">Lionel Pointet<\/a>, <a href=\"https:\/\/lyon.wordcamp.org\/2015\/orateurs\/#wcorg-speaker-mathieu-le-roi\">Mathieu Le Roi<\/a><\/span><\/div><div class=\"wcb-session-favourite-icon\"><a href=\"#\" role=\"button\" class=\"fav-session-button\" aria-pressed=\"false\"><span class=\"screen-reader-text\">Session pr\u00e9f\u00e9r\u00e9e\u00a0: 40 minutes pour construire une application mobile reli\u00e9e \u00e0 WordPress avec WP AppKit<\/span><span class=\"dashicons dashicons-star-filled\"><\/span><\/a><\/div><\/td><\/tr><tr class=\"wcpt-time-16h00 global-session pause\"><td class=\"wcpt-time\">16h00<\/td><td colspan=\"2\" class=\"wcb-track-conference wcb-track-pitch-a-plugin wcpt-session-type-custom wcb-session-pause-2\" data-track-title=\"Conf\u00e9rence, Pitch a plugin\" data-session-id=\"570\"><div class=\"wcb-session-cell-content\"><span class=\"wcpt-session-title\">Pause<\/span><\/div><\/td><\/tr><tr class=\"wcpt-time-16h30\"><td class=\"wcpt-time\">16h30<\/td><td colspan=\"1\" class=\"wcb-speaker-stephane-hulard wcb-track-conference wcpt-session-type-session wcb-session-wordpress-git-et-lintegration-continue\" data-track-title=\"Conf\u00e9rence\" data-session-id=\"520\"><div class=\"wcb-session-cell-content\"><a class=\"wcpt-session-title\" href=\"https:\/\/lyon.wordcamp.org\/2015\/session\/wordpress-git-et-lintegration-continue\/\">WordPress, Git et l&rsquo;int\u00e9gration continue<\/a> <span class=\"wcpt-session-speakers\"><a href=\"https:\/\/lyon.wordcamp.org\/2015\/orateurs\/#wcorg-speaker-stephane-hulard\">St\u00e9phane Hulard<\/a><\/span><\/div><div class=\"wcb-session-favourite-icon\"><a href=\"#\" role=\"button\" class=\"fav-session-button\" aria-pressed=\"false\"><span class=\"screen-reader-text\">Session pr\u00e9f\u00e9r\u00e9e\u00a0: WordPress, Git et l&rsquo;int\u00e9gration continue<\/span><span class=\"dashicons dashicons-star-filled\"><\/span><\/a><\/div><\/td><td colspan=\"1\" class=\"wcb-speaker-laurent-magnin wcb-speaker-cedric-reynaud wcb-track-pitch-a-plugin wcpt-session-type-session wcb-session-wpshop-le-plugin-e-commerce-francophone-pour-wordpress\" data-track-title=\"Pitch a plugin\" data-session-id=\"474\"><div class=\"wcb-session-cell-content\"><a class=\"wcpt-session-title\" href=\"https:\/\/lyon.wordcamp.org\/2015\/session\/wpshop-le-plugin-e-commerce-francophone-pour-wordpress\/\">WPshop, le plugin e-commerce francophone pour WordPress<\/a> <span class=\"wcpt-session-speakers\"><a href=\"https:\/\/lyon.wordcamp.org\/2015\/orateurs\/#wcorg-speaker-laurent-magnin\">Laurent Magnin<\/a>, <a href=\"https:\/\/lyon.wordcamp.org\/2015\/orateurs\/#wcorg-speaker-cedric-reynaud\">C\u00e9dric Reynaud<\/a><\/span><\/div><div class=\"wcb-session-favourite-icon\"><a href=\"#\" role=\"button\" class=\"fav-session-button\" aria-pressed=\"false\"><span class=\"screen-reader-text\">Session pr\u00e9f\u00e9r\u00e9e\u00a0: WPshop, le plugin e-commerce francophone pour WordPress<\/span><span class=\"dashicons dashicons-star-filled\"><\/span><\/a><\/div><\/td><\/tr><tr class=\"wcpt-time-17h15\"><td class=\"wcpt-time\">17h15<\/td><td colspan=\"1\" class=\"wcb-speaker-jenny-beaumont wcb-track-conference wcpt-session-type-session wcb-session-maintenance-matters\" data-track-title=\"Conf\u00e9rence\" data-session-id=\"582\"><div class=\"wcb-session-cell-content\"><a class=\"wcpt-session-title\" href=\"https:\/\/lyon.wordcamp.org\/2015\/session\/maintenance-matters\/\">Maintenance Matters<\/a> <span class=\"wcpt-session-speakers\"><a href=\"https:\/\/lyon.wordcamp.org\/2015\/orateurs\/#wcorg-speaker-jenny-beaumont\">Jenny Beaumont<\/a><\/span><\/div><div class=\"wcb-session-favourite-icon\"><a href=\"#\" role=\"button\" class=\"fav-session-button\" aria-pressed=\"false\"><span class=\"screen-reader-text\">Session pr\u00e9f\u00e9r\u00e9e\u00a0: Maintenance Matters<\/span><span class=\"dashicons dashicons-star-filled\"><\/span><\/a><\/div><\/td><td colspan=\"1\" class=\"wcb-speaker-frederic-demarle wcb-track-pitch-a-plugin wcpt-session-type-session wcb-session-creer-un-site-multilingue-avec-wordpress-et-polylang\" data-track-title=\"Pitch a plugin\" data-session-id=\"577\"><div class=\"wcb-session-cell-content\"><a class=\"wcpt-session-title\" href=\"https:\/\/lyon.wordcamp.org\/2015\/session\/creer-un-site-multilingue-avec-wordpress-et-polylang\/\">Cr\u00e9er un site multilingue avec WordPress et Polylang<\/a> <span class=\"wcpt-session-speakers\"><a href=\"https:\/\/lyon.wordcamp.org\/2015\/orateurs\/#wcorg-speaker-frederic-demarle\">Fr\u00e9d\u00e9ric Demarle<\/a><\/span><\/div><div class=\"wcb-session-favourite-icon\"><a href=\"#\" role=\"button\" class=\"fav-session-button\" aria-pressed=\"false\"><span class=\"screen-reader-text\">Session pr\u00e9f\u00e9r\u00e9e\u00a0: Cr\u00e9er un site multilingue avec WordPress et Polylang<\/span><span class=\"dashicons dashicons-star-filled\"><\/span><\/a><\/div><\/td><\/tr><tr class=\"wcpt-time-18h00 global-session crmonie-de-clture-et-after-party-jusqu-1h-du-matin\"><td class=\"wcpt-time\">18h00<\/td><td colspan=\"2\" class=\"wcb-track-conference wcb-track-pitch-a-plugin wcpt-session-type-custom wcb-session-ceremonie-de-clotureet-after-party-jusqua-1h-du-matin\" data-track-title=\"Conf\u00e9rence, Pitch a plugin\" data-session-id=\"580\"><div class=\"wcb-session-cell-content\"><span class=\"wcpt-session-title\">C\u00e9r\u00e9monie de cl\u00f4ture et After Party jusqu&rsquo;\u00e0 1h du matin !<\/span><\/div><\/td><\/tr><\/tbody><\/table>\n\t<div class=\"email-form fav-session-email-form-hide\">\n\t\t<!-- Tab links -->\n\t\t<div class=\"fav-session-share-tab\">\n\t\t\t\t\t\t\t<div class=\"fav-session-tablinks\" id=\"fav-session-btn-email\">\n\t\t\t\t\tE-mail\t\t\t\t<\/div>\n\t\t\t\n\t\t\t<div class=\"fav-session-tablinks\" id=\"fav-session-btn-link\">\n\t\t\t\tLien\t\t\t<\/div>\n\n\t\t\t<div class=\"fav-session-tablinks\" id=\"fav-session-btn-print\">\n\t\t\t\tImprimer\t\t\t<\/div>\n\t\t<\/div>\n\n\t\t<!-- Tab content -->\n\t\t\t\t\t<div id=\"fav-session-tab-email\" class=\"fav-session-share-tabcontent\">\n\t\t\t\t<div id=\"fav-session-email-form\">\n\t\t\t\t\tM\u2019envoyer mes sessions favorites\u00a0:\n\t\t\t\t\t<form id=\"fav-sessions-form\">\n\t\t\t\t\t\t<input\n\t\t\t\t\t\t\ttype=\"text\"\n\t\t\t\t\t\t\tname=\"email_address\"\n\t\t\t\t\t\t\tid=\"fav-sessions-email-address\"\n\t\t\t\t\t\t\tplaceholder=\"me@protonmail.com\"\n\t\t\t\t\t\t\/>\n\t\t\t\t\t\t<input type=\"submit\" value=\"Envoyer\" \/>\n\t\t\t\t\t<\/form>\n\t\t\t\t<\/div>\n\n\t\t\t\t<div class=\"fav-session-email-wait-spinner\"><\/div>\n\t\t\t\t<div class=\"fav-session-email-result\"><\/div>\n\t\t\t<\/div>\n\t\t\n\t\t<div id=\"fav-session-tab-link\" class=\"fav-session-share-tabcontent\">\n\t\t\tLien partageable\u00a0:\t\t\t<br \/>\n\t\t\t<a id=\"fav-sessions-link\" href=\"\"><\/a>\n\t\t<\/div>\n\n\t\t<div id=\"fav-session-tab-print\" class=\"fav-session-share-tabcontent\">\n\t\t\t<button id=\"fav-session-print\">\n\t\t\t\tAfficher les sessions favorites\t\t\t<\/button>\n\t\t<\/div>\n\t<\/div>\n\n\t<a class=\"show-email-form\" href=\"javascript:\">\n\t\t<span class=\"dashicons dashicons-star-filled\"><\/span>\n\t\t<span class=\"dashicons dashicons-email-alt\"><\/span>\n\t<\/a>\n\n\t\n","protected":false},"excerpt":{"rendered":"<p>Voici la feuille de route pour cette premi\u00e8re r\u00e9gate \u00ab\u00a0WordCamp Lyon\u00a0\u00bb le vendredi 5 juin. Vous aurez la chance de rencontrer \u00e0 bord de talentueux navigateurs qui t\u00e9moigneront de leurs exp\u00e9riences WordPress. Ils viennent partager avec vous leurs connaissances, leurs outils, leur r\u00e9flexion&#8230;pour qu&rsquo;\u00e0 votre tour vous puissiez prendre la mer en toute s\u00e9r\u00e9nit\u00e9. Nous [&hellip;]<\/p>\n","protected":false},"author":8600957,"featured_media":0,"parent":0,"menu_order":0,"comment_status":"closed","ping_status":"open","template":"","meta":{"_crdt_document":"","footnotes":""},"class_list":["post-7","page","type-page","status-publish","hentry"],"jetpack_sharing_enabled":true,"jetpack_shortlink":"https:\/\/wp.me\/P5ElDX-7","_links":{"self":[{"href":"https:\/\/lyon.wordcamp.org\/2015\/wp-json\/wp\/v2\/pages\/7","targetHints":{"allow":["GET"]}}],"collection":[{"href":"https:\/\/lyon.wordcamp.org\/2015\/wp-json\/wp\/v2\/pages"}],"about":[{"href":"https:\/\/lyon.wordcamp.org\/2015\/wp-json\/wp\/v2\/types\/page"}],"author":[{"embeddable":true,"href":"https:\/\/lyon.wordcamp.org\/2015\/wp-json\/wp\/v2\/users\/8600957"}],"replies":[{"embeddable":true,"href":"https:\/\/lyon.wordcamp.org\/2015\/wp-json\/wp\/v2\/comments?post=7"}],"version-history":[{"count":5,"href":"https:\/\/lyon.wordcamp.org\/2015\/wp-json\/wp\/v2\/pages\/7\/revisions"}],"predecessor-version":[{"id":677,"href":"https:\/\/lyon.wordcamp.org\/2015\/wp-json\/wp\/v2\/pages\/7\/revisions\/677"}],"wp:attachment":[{"href":"https:\/\/lyon.wordcamp.org\/2015\/wp-json\/wp\/v2\/media?parent=7"}],"curies":[{"name":"wp","href":"https:\/\/api.w.org\/{rel}","templated":true}]}}