{"id":11,"date":"2022-07-05T22:49:39","date_gmt":"2022-07-05T20:49:39","guid":{"rendered":"https:\/\/lyon.wordcamp.org\/2022\/location\/"},"modified":"2022-10-24T11:45:50","modified_gmt":"2022-10-24T09:45:50","slug":"lieu","status":"publish","type":"page","link":"https:\/\/lyon.wordcamp.org\/2022\/lieu\/","title":{"rendered":"Lieu"},"content":{"rendered":"\n<div class=\"wp-block-cover alignfull is-light\"><span aria-hidden=\"true\" class=\"wp-block-cover__background has-white-background-color has-background-dim\"><\/span><img loading=\"lazy\" decoding=\"async\" width=\"1707\" height=\"2560\" class=\"wp-block-cover__image-background wp-image-145\" alt=\"\" src=\"https:\/\/lyon.wordcamp.org\/2022\/files\/2022\/08\/ryan-shumway-n5F3fH0lIY-unsplash-scaled.jpeg\" style=\"object-position:52% 0%\" data-object-fit=\"cover\" data-object-position=\"52% 0%\" srcset=\"https:\/\/lyon.wordcamp.org\/2022\/files\/2022\/08\/ryan-shumway-n5F3fH0lIY-unsplash-scaled.jpeg 1707w, https:\/\/lyon.wordcamp.org\/2022\/files\/2022\/08\/ryan-shumway-n5F3fH0lIY-unsplash-200x300.jpeg 200w, https:\/\/lyon.wordcamp.org\/2022\/files\/2022\/08\/ryan-shumway-n5F3fH0lIY-unsplash-683x1024.jpeg 683w, https:\/\/lyon.wordcamp.org\/2022\/files\/2022\/08\/ryan-shumway-n5F3fH0lIY-unsplash-768x1152.jpeg 768w, https:\/\/lyon.wordcamp.org\/2022\/files\/2022\/08\/ryan-shumway-n5F3fH0lIY-unsplash-1024x1536.jpeg 1024w, https:\/\/lyon.wordcamp.org\/2022\/files\/2022\/08\/ryan-shumway-n5F3fH0lIY-unsplash-1365x2048.jpeg 1365w, https:\/\/lyon.wordcamp.org\/2022\/files\/2022\/08\/ryan-shumway-n5F3fH0lIY-unsplash-1200x1800.jpeg 1200w, https:\/\/lyon.wordcamp.org\/2022\/files\/2022\/08\/ryan-shumway-n5F3fH0lIY-unsplash-1980x2970.jpeg 1980w\" sizes=\"auto, (max-width: 1707px) 100vw, 1707px\" \/><div class=\"wp-block-cover__inner-container is-layout-flow wp-block-cover-is-layout-flow\">\n<div class=\"wp-block-cover alignfull is-light\"><span aria-hidden=\"true\" class=\"wp-block-cover__background has-vivid-red-background-color has-background-dim\"><\/span><img loading=\"lazy\" decoding=\"async\" width=\"2560\" height=\"1922\" class=\"wp-block-cover__image-background wp-image-310\" alt=\"\" src=\"https:\/\/lyon.wordcamp.org\/2022\/files\/2022\/08\/louis-derrac-7GplZLe-LAo-unsplash-scaled.jpg\" style=\"object-position:49% 34%\" data-object-fit=\"cover\" data-object-position=\"49% 34%\" srcset=\"https:\/\/lyon.wordcamp.org\/2022\/files\/2022\/08\/louis-derrac-7GplZLe-LAo-unsplash-scaled.jpg 2560w, https:\/\/lyon.wordcamp.org\/2022\/files\/2022\/08\/louis-derrac-7GplZLe-LAo-unsplash-600x451.jpg 600w, https:\/\/lyon.wordcamp.org\/2022\/files\/2022\/08\/louis-derrac-7GplZLe-LAo-unsplash-1200x901.jpg 1200w, https:\/\/lyon.wordcamp.org\/2022\/files\/2022\/08\/louis-derrac-7GplZLe-LAo-unsplash-300x225.jpg 300w, https:\/\/lyon.wordcamp.org\/2022\/files\/2022\/08\/louis-derrac-7GplZLe-LAo-unsplash-768x577.jpg 768w, https:\/\/lyon.wordcamp.org\/2022\/files\/2022\/08\/louis-derrac-7GplZLe-LAo-unsplash-400x300.jpg 400w, https:\/\/lyon.wordcamp.org\/2022\/files\/2022\/08\/louis-derrac-7GplZLe-LAo-unsplash-1536x1153.jpg 1536w, https:\/\/lyon.wordcamp.org\/2022\/files\/2022\/08\/louis-derrac-7GplZLe-LAo-unsplash-2048x1538.jpg 2048w\" sizes=\"auto, (max-width: 2560px) 100vw, 2560px\" \/><div class=\"wp-block-cover__inner-container is-layout-flow wp-block-cover-is-layout-flow\">\n<h1 class=\"has-text-align-center wp-block-heading\">Le lieu<\/h1>\n<\/div><\/div>\n<\/div><\/div>\n\n\n\n<p class=\"wp-block-paragraph\">En 2022, notre WordCamp Lyon aura lieu \u00e0&nbsp;<strong>l\u2019Embarcad\u00e8re<\/strong>.<br><br>Situ\u00e9 \u00e0 8 min \u00e0 pied de la Gare Perrache (Lyon 2), au c\u0153ur de Lyon-Quartier Confluence et en bord de Sa\u00f4ne, les participants b\u00e9n\u00e9ficient d\u2019une facilit\u00e9 d\u2019acc\u00e8s et d\u2019un stationnement \u00e0 proximit\u00e9 imm\u00e9diate.<\/p>\n\n\n\n<p class=\"wp-block-paragraph\"><strong>C\u2019est l\u2019occasion d\u2019encore plus marquer la dimension de l\u2019\u00e9v\u00e8nement en augmentant notre capacit\u00e9 d\u2019accueil pour la hisser \u00e0  300 personnes.<\/strong><\/p>\n\n\n\n<p class=\"wp-block-paragraph\">Notre objectif est de disposer de deux salles de grand confort, nous permettant de proposer deux \u00ab&nbsp;pistes de conf\u00e9rences&nbsp;\u00bb simultan\u00e9ment.<br>Une sonorisation haute qualit\u00e9 et des \u00e9crans g\u00e9ants garantiront \u00e0 chaque participant une exp\u00e9rience optimale<\/p>\n\n\n\n<figure class=\"wp-block-image alignfull size-large\"><img loading=\"lazy\" decoding=\"async\" width=\"1200\" height=\"321\" src=\"https:\/\/lyon.wordcamp.org\/2022\/files\/2022\/08\/Group-356-1200x321.png\" alt=\"\" class=\"wp-image-442\" srcset=\"https:\/\/lyon.wordcamp.org\/2022\/files\/2022\/08\/Group-356-1200x321.png 1200w, https:\/\/lyon.wordcamp.org\/2022\/files\/2022\/08\/Group-356-600x161.png 600w, https:\/\/lyon.wordcamp.org\/2022\/files\/2022\/08\/Group-356-300x80.png 300w, https:\/\/lyon.wordcamp.org\/2022\/files\/2022\/08\/Group-356-768x206.png 768w, https:\/\/lyon.wordcamp.org\/2022\/files\/2022\/08\/Group-356-500x134.png 500w, https:\/\/lyon.wordcamp.org\/2022\/files\/2022\/08\/Group-356-1536x411.png 1536w, https:\/\/lyon.wordcamp.org\/2022\/files\/2022\/08\/Group-356.png 1554w\" sizes=\"auto, (max-width: 1200px) 100vw, 1200px\" \/><\/figure>\n\n\n\n<h2 class=\"wp-block-heading\">Et bien entendu\u2026<\/h2>\n\n\n\n<p class=\"wp-block-paragraph\">Un \u00e9quipement wifi haut d\u00e9bit sera \u00e0 la disposition de nos participants pour leur permettre de partager leurs photos et impressions de l\u2019\u00e9v\u00e8nement avec leur r\u00e9seau, et faire du hashtag #WCLyon22 une tendance Twitter sur la journ\u00e9e.<\/p>\n\n\n\n<div style=\"height:50px\" aria-hidden=\"true\" class=\"wp-block-spacer\"><\/div>\n\n\n\n<h2 class=\"wp-block-heading\"><strong>Nous trouver<\/strong><\/h2>\n\n\n\n<p class=\"wp-block-paragraph\">13 BIS QUAI RAMBAUD \u2013 69002 LYON<\/p>\n\n\n\n<p class=\"wp-block-paragraph\"><strong>Gare TGV Lyon Perrache<\/strong><br>A 8 min \u00e0 pied<\/p>\n\n\n\n<div class=\"wp-block-columns is-layout-flex wp-container-core-columns-is-layout-f56f613f wp-block-columns-is-layout-flex\">\n<div class=\"wp-block-column is-layout-flow wp-block-column-is-layout-flow\">\n<p class=\"wp-block-paragraph\"><strong>Metro A<\/strong>, arr\u00eat Perrache<br>\u00c0 8min \u00e0 pied<br><strong>Tram T1,<\/strong>&nbsp;arr\u00eat Sainte-Blandine<br>\u00c0 5min \u00e0 pied<\/p>\n\n\n\n<p class=\"wp-block-paragraph\"><strong>Bus 69&nbsp;<\/strong>arr\u00eat Claudius Collonge<br><strong>Bus S1&nbsp;<\/strong>arr\u00eat D\u00e9nuzi\u00e8re<\/p>\n\n\n\n<p class=\"wp-block-paragraph\"><strong>A poney,<\/strong>&nbsp;\u00e7a d\u00e9pend de vous !<\/p>\n<\/div>\n\n\n\n<div class=\"wp-block-column is-layout-flow wp-block-column-is-layout-flow\">\n<p class=\"wp-block-paragraph\"><strong>Autoroute A6<\/strong>, sortie 39b<br><strong>Autoroute A7,&nbsp;<\/strong>sortie 1<\/p>\n\n\n\n<p class=\"wp-block-paragraph\">Parking \u00e0 8min \u00e0 pied<br>Q-Park&nbsp;<strong>Lyon Gare Perrache<\/strong><br>Parking&nbsp;<strong>Lyon Confluence<\/strong><\/p>\n\n\n\n<p class=\"wp-block-paragraph\"><strong>A\u00e9roport Saint-Exup\u00e9ry<\/strong><br>Rh\u00f4n\u2019Express, arr\u00eat Part-Dieu<br>+ Tram T1, arr\u00eat Sainte-Blandine<\/p>\n<\/div>\n<\/div>\n\n\n\n<div style=\"height:50px\" aria-hidden=\"true\" class=\"wp-block-spacer\"><\/div>\n\n\n\n<div class=\"wp-block-group alignwide is-layout-flow wp-block-group-is-layout-flow\">\n<div class=\"googlemaps\">\n\t\t\t\t<iframe loading=\"lazy\" width=\"1200\" height=\"600\" frameborder=\"0\" scrolling=\"no\" marginheight=\"0\" marginwidth=\"0\"  src=\"https:\/\/www.google.com\/maps\/embed?pb=!1m18!1m12!1m3!1d5568.802661607975!2d4.8182900411147545!3d45.74309963067994!2m3!1f0!2f0!3f0!3m2!1i1024!2i768!4f13.1!3m3!1m2!1s0x47f4ebb6f0b01797:0xb49605c79016fc6!2zTCdFbWJhcmNhZMOocmUgUsOpc2Vydm9pciBkJ8OpdsOpbmVtZW50cw!5e0!3m2!1sfr!2sfr!4v1662652670481!5m2!1sfr!2sfr\"><\/iframe>\n\t\t\t<\/div>\n<\/div>\n","protected":false},"excerpt":{"rendered":"<p>En 2022, notre WordCamp Lyon aura lieu \u00e0&nbsp;l\u2019Embarcad\u00e8re. Situ\u00e9 \u00e0 8 min \u00e0 pied de la Gare Perrache (Lyon 2), au c\u0153ur de Lyon-Quartier Confluence et en bord de Sa\u00f4ne, les participants b\u00e9n\u00e9ficient d\u2019une facilit\u00e9 d\u2019acc\u00e8s et d\u2019un stationnement \u00e0 proximit\u00e9 imm\u00e9diate. C\u2019est l\u2019occasion d\u2019encore plus marquer la dimension de l\u2019\u00e9v\u00e8nement en augmentant notre capacit\u00e9 [&hellip;]<\/p>\n","protected":false},"author":11529014,"featured_media":0,"parent":0,"menu_order":0,"comment_status":"closed","ping_status":"closed","template":"","meta":{"_crdt_document":"","jetpack_post_was_ever_published":false,"footnotes":""},"class_list":["post-11","page","type-page","status-publish","hentry"],"jetpack_sharing_enabled":true,"_links":{"self":[{"href":"https:\/\/lyon.wordcamp.org\/2022\/wp-json\/wp\/v2\/pages\/11","targetHints":{"allow":["GET"]}}],"collection":[{"href":"https:\/\/lyon.wordcamp.org\/2022\/wp-json\/wp\/v2\/pages"}],"about":[{"href":"https:\/\/lyon.wordcamp.org\/2022\/wp-json\/wp\/v2\/types\/page"}],"author":[{"embeddable":true,"href":"https:\/\/lyon.wordcamp.org\/2022\/wp-json\/wp\/v2\/users\/11529014"}],"replies":[{"embeddable":true,"href":"https:\/\/lyon.wordcamp.org\/2022\/wp-json\/wp\/v2\/comments?post=11"}],"version-history":[{"count":15,"href":"https:\/\/lyon.wordcamp.org\/2022\/wp-json\/wp\/v2\/pages\/11\/revisions"}],"predecessor-version":[{"id":2206,"href":"https:\/\/lyon.wordcamp.org\/2022\/wp-json\/wp\/v2\/pages\/11\/revisions\/2206"}],"wp:attachment":[{"href":"https:\/\/lyon.wordcamp.org\/2022\/wp-json\/wp\/v2\/media?parent=11"}],"curies":[{"name":"wp","href":"https:\/\/api.w.org\/{rel}","templated":true}]}}

<div class="wp-block-cover alignfull is-light"><span aria-hidden="true" class="wp-block-cover__background has-white-background-color has-background-dim"></span><img loading="lazy" decoding="async" width="1707" height="2560" class="wp-block-cover__image-background wp-image-145" alt="" src="https://lyon.wordcamp.org/2022/files/2022/08/ryan-shumway-n5F3fH0lIY-unsplash-scaled.jpeg" style="object-position:52% 0%" data-object-fit="cover" data-object-position="52% 0%" srcset="https://lyon.wordcamp.org/2022/files/2022/08/ryan-shumway-n5F3fH0lIY-unsplash-scaled.jpeg 1707w, https://lyon.wordcamp.org/2022/files/2022/08/ryan-shumway-n5F3fH0lIY-unsplash-200x300.jpeg 200w, https://lyon.wordcamp.org/2022/files/2022/08/ryan-shumway-n5F3fH0lIY-unsplash-683x1024.jpeg 683w, https://lyon.wordcamp.org/2022/files/2022/08/ryan-shumway-n5F3fH0lIY-unsplash-768x1152.jpeg 768w, https://lyon.wordcamp.org/2022/files/2022/08/ryan-shumway-n5F3fH0lIY-unsplash-1024x1536.jpeg 1024w, https://lyon.wordcamp.org/2022/files/2022/08/ryan-shumway-n5F3fH0lIY-unsplash-1365x2048.jpeg 1365w, https://lyon.wordcamp.org/2022/files/2022/08/ryan-shumway-n5F3fH0lIY-unsplash-1200x1800.jpeg 1200w, https://lyon.wordcamp.org/2022/files/2022/08/ryan-shumway-n5F3fH0lIY-unsplash-1980x2970.jpeg 1980w" sizes="auto, (max-width: 1707px) 100vw, 1707px" /><div class="wp-block-cover__inner-container is-layout-flow wp-block-cover-is-layout-flow">
<div class="wp-block-cover alignfull is-light"><span aria-hidden="true" class="wp-block-cover__background has-vivid-red-background-color has-background-dim"></span><img loading="lazy" decoding="async" width="2560" height="1922" class="wp-block-cover__image-background wp-image-310" alt="" src="https://lyon.wordcamp.org/2022/files/2022/08/louis-derrac-7GplZLe-LAo-unsplash-scaled.jpg" style="object-position:49% 34%" data-object-fit="cover" data-object-position="49% 34%" srcset="https://lyon.wordcamp.org/2022/files/2022/08/louis-derrac-7GplZLe-LAo-unsplash-scaled.jpg 2560w, https://lyon.wordcamp.org/2022/files/2022/08/louis-derrac-7GplZLe-LAo-unsplash-600x451.jpg 600w, https://lyon.wordcamp.org/2022/files/2022/08/louis-derrac-7GplZLe-LAo-unsplash-1200x901.jpg 1200w, https://lyon.wordcamp.org/2022/files/2022/08/louis-derrac-7GplZLe-LAo-unsplash-300x225.jpg 300w, https://lyon.wordcamp.org/2022/files/2022/08/louis-derrac-7GplZLe-LAo-unsplash-768x577.jpg 768w, https://lyon.wordcamp.org/2022/files/2022/08/louis-derrac-7GplZLe-LAo-unsplash-400x300.jpg 400w, https://lyon.wordcamp.org/2022/files/2022/08/louis-derrac-7GplZLe-LAo-unsplash-1536x1153.jpg 1536w, https://lyon.wordcamp.org/2022/files/2022/08/louis-derrac-7GplZLe-LAo-unsplash-2048x1538.jpg 2048w" sizes="auto, (max-width: 2560px) 100vw, 2560px" /><div class="wp-block-cover__inner-container is-layout-flow wp-block-cover-is-layout-flow">
<h1 class="has-text-align-center wp-block-heading">Le lieu</h1>
</div></div>
</div></div>



<p class="wp-block-paragraph">En 2022, notre WordCamp Lyon aura lieu à&nbsp;<strong>l’Embarcadère</strong>.<br><br>Situé à 8 min à pied de la Gare Perrache (Lyon 2), au cœur de Lyon-Quartier Confluence et en bord de Saône, les participants bénéficient d’une facilité d’accès et d’un stationnement à proximité immédiate.</p>



<p class="wp-block-paragraph"><strong>C’est l’occasion d’encore plus marquer la dimension de l’évènement en augmentant notre capacité d’accueil pour la hisser à  300 personnes.</strong></p>



<p class="wp-block-paragraph">Notre objectif est de disposer de deux salles de grand confort, nous permettant de proposer deux «&nbsp;pistes de conférences&nbsp;» simultanément.<br>Une sonorisation haute qualité et des écrans géants garantiront à chaque participant une expérience optimale</p>



<figure class="wp-block-image alignfull size-large"><img loading="lazy" decoding="async" width="1200" height="321" src="https://lyon.wordcamp.org/2022/files/2022/08/Group-356-1200x321.png" alt="" class="wp-image-442" srcset="https://lyon.wordcamp.org/2022/files/2022/08/Group-356-1200x321.png 1200w, https://lyon.wordcamp.org/2022/files/2022/08/Group-356-600x161.png 600w, https://lyon.wordcamp.org/2022/files/2022/08/Group-356-300x80.png 300w, https://lyon.wordcamp.org/2022/files/2022/08/Group-356-768x206.png 768w, https://lyon.wordcamp.org/2022/files/2022/08/Group-356-500x134.png 500w, https://lyon.wordcamp.org/2022/files/2022/08/Group-356-1536x411.png 1536w, https://lyon.wordcamp.org/2022/files/2022/08/Group-356.png 1554w" sizes="auto, (max-width: 1200px) 100vw, 1200px" /></figure>



<h2 class="wp-block-heading">Et bien entendu…</h2>



<p class="wp-block-paragraph">Un équipement wifi haut débit sera à la disposition de nos participants pour leur permettre de partager leurs photos et impressions de l’évènement avec leur réseau, et faire du hashtag #WCLyon22 une tendance Twitter sur la journée.</p>



<div style="height:50px" aria-hidden="true" class="wp-block-spacer"></div>



<h2 class="wp-block-heading"><strong>Nous trouver</strong></h2>



<p class="wp-block-paragraph">13 BIS QUAI RAMBAUD – 69002 LYON</p>



<p class="wp-block-paragraph"><strong>Gare TGV Lyon Perrache</strong><br>A 8 min à pied</p>



<div class="wp-block-columns is-layout-flex wp-container-core-columns-is-layout-f56f613f wp-block-columns-is-layout-flex">
<div class="wp-block-column is-layout-flow wp-block-column-is-layout-flow">
<p class="wp-block-paragraph"><strong>Metro A</strong>, arrêt Perrache<br>À 8min à pied<br><strong>Tram T1,</strong>&nbsp;arrêt Sainte-Blandine<br>À 5min à pied</p>



<p class="wp-block-paragraph"><strong>Bus 69&nbsp;</strong>arrêt Claudius Collonge<br><strong>Bus S1&nbsp;</strong>arrêt Dénuzière</p>



<p class="wp-block-paragraph"><strong>A poney,</strong>&nbsp;ça dépend de vous !</p>
</div>



<div class="wp-block-column is-layout-flow wp-block-column-is-layout-flow">
<p class="wp-block-paragraph"><strong>Autoroute A6</strong>, sortie 39b<br><strong>Autoroute A7,&nbsp;</strong>sortie 1</p>



<p class="wp-block-paragraph">Parking à 8min à pied<br>Q-Park&nbsp;<strong>Lyon Gare Perrache</strong><br>Parking&nbsp;<strong>Lyon Confluence</strong></p>



<p class="wp-block-paragraph"><strong>Aéroport Saint-Exupéry</strong><br>Rhôn’Express, arrêt Part-Dieu<br>+ Tram T1, arrêt Sainte-Blandine</p>
</div>
</div>



<div style="height:50px" aria-hidden="true" class="wp-block-spacer"></div>



<div class="wp-block-group alignwide is-layout-flow wp-block-group-is-layout-flow">
<div class="googlemaps">
				<iframe loading="lazy" width="1200" height="600" frameborder="0" scrolling="no" marginheight="0" marginwidth="0"  src="https://www.google.com/maps/embed?pb=!1m18!1m12!1m3!1d5568.802661607975!2d4.8182900411147545!3d45.74309963067994!2m3!1f0!2f0!3f0!3m2!1i1024!2i768!4f13.1!3m3!1m2!1s0x47f4ebb6f0b01797:0xb49605c79016fc6!2zTCdFbWJhcmNhZMOocmUgUsOpc2Vydm9pciBkJ8OpdsOpbmVtZW50cw!5e0!3m2!1sfr!2sfr!4v1662652670481!5m2!1sfr!2sfr"></iframe>
			</div>
</div>

<p>En 2022, notre WordCamp Lyon aura lieu à&nbsp;l’Embarcadère. Situé à 8 min à pied de la Gare Perrache (Lyon 2), au cœur de Lyon-Quartier Confluence et en bord de Saône, les participants bénéficient d’une facilité d’accès et d’un stationnement à proximité immédiate. C’est l’occasion d’encore plus marquer la dimension de l’évènement en augmentant notre capacité [&hellip;]</p>
