{"id":13,"date":"2022-08-24T16:14:14","date_gmt":"2022-08-24T14:14:14","guid":{"rendered":"https:\/\/lyon.wordcamp.org\/2022\/?page_id=13"},"modified":"2022-10-27T16:14:56","modified_gmt":"2022-10-27T14:14:56","slug":"billetterie","status":"publish","type":"page","link":"https:\/\/lyon.wordcamp.org\/2022\/billetterie\/","title":{"rendered":"Billetterie"},"content":{"rendered":"\n<div class=\"wp-block-cover alignfull is-light\"><span aria-hidden=\"true\" class=\"wp-block-cover__background has-white-background-color has-background-dim\"><\/span><img loading=\"lazy\" decoding=\"async\" width=\"1707\" height=\"2560\" class=\"wp-block-cover__image-background wp-image-145\" alt=\"\" src=\"https:\/\/lyon.wordcamp.org\/2022\/files\/2022\/08\/ryan-shumway-n5F3fH0lIY-unsplash-scaled.jpeg\" style=\"object-position:52% 0%\" data-object-fit=\"cover\" data-object-position=\"52% 0%\" srcset=\"https:\/\/lyon.wordcamp.org\/2022\/files\/2022\/08\/ryan-shumway-n5F3fH0lIY-unsplash-scaled.jpeg 1707w, https:\/\/lyon.wordcamp.org\/2022\/files\/2022\/08\/ryan-shumway-n5F3fH0lIY-unsplash-200x300.jpeg 200w, https:\/\/lyon.wordcamp.org\/2022\/files\/2022\/08\/ryan-shumway-n5F3fH0lIY-unsplash-683x1024.jpeg 683w, https:\/\/lyon.wordcamp.org\/2022\/files\/2022\/08\/ryan-shumway-n5F3fH0lIY-unsplash-768x1152.jpeg 768w, https:\/\/lyon.wordcamp.org\/2022\/files\/2022\/08\/ryan-shumway-n5F3fH0lIY-unsplash-1024x1536.jpeg 1024w, https:\/\/lyon.wordcamp.org\/2022\/files\/2022\/08\/ryan-shumway-n5F3fH0lIY-unsplash-1365x2048.jpeg 1365w, https:\/\/lyon.wordcamp.org\/2022\/files\/2022\/08\/ryan-shumway-n5F3fH0lIY-unsplash-1200x1800.jpeg 1200w, https:\/\/lyon.wordcamp.org\/2022\/files\/2022\/08\/ryan-shumway-n5F3fH0lIY-unsplash-1980x2970.jpeg 1980w\" sizes=\"auto, (max-width: 1707px) 100vw, 1707px\" \/><div class=\"wp-block-cover__inner-container is-layout-flow wp-block-cover-is-layout-flow\">\n<div class=\"wp-block-cover alignfull is-light\"><span aria-hidden=\"true\" class=\"wp-block-cover__background has-vivid-red-background-color has-background-dim\"><\/span><img loading=\"lazy\" decoding=\"async\" width=\"799\" height=\"533\" class=\"wp-block-cover__image-background wp-image-353\" alt=\"\" src=\"https:\/\/lyon.wordcamp.org\/2022\/files\/2022\/08\/32930740407_b35831d7d4_c.jpg\" data-object-fit=\"cover\" srcset=\"https:\/\/lyon.wordcamp.org\/2022\/files\/2022\/08\/32930740407_b35831d7d4_c.jpg 799w, https:\/\/lyon.wordcamp.org\/2022\/files\/2022\/08\/32930740407_b35831d7d4_c-600x400.jpg 600w, https:\/\/lyon.wordcamp.org\/2022\/files\/2022\/08\/32930740407_b35831d7d4_c-300x200.jpg 300w, https:\/\/lyon.wordcamp.org\/2022\/files\/2022\/08\/32930740407_b35831d7d4_c-768x512.jpg 768w, https:\/\/lyon.wordcamp.org\/2022\/files\/2022\/08\/32930740407_b35831d7d4_c-450x300.jpg 450w\" sizes=\"auto, (max-width: 799px) 100vw, 799px\" \/><div class=\"wp-block-cover__inner-container is-layout-flow wp-block-cover-is-layout-flow\">\n<h1 class=\"has-text-align-center wp-block-heading\">Billetterie<\/h1>\n<\/div><\/div>\n<\/div><\/div>\n\n\n\n<h2 class=\"wp-block-heading\" id=\"tw-target-text\"><strong>L&rsquo;\u00e9v\u00e8nement est complet !<\/strong><\/h2>\n\n\n\n<p class=\"wp-block-paragraph\">Mais revenez fr\u00e9quemment visiter cette page : il peut que des places se lib\u00e8rent jusqu&rsquo;au dernier moment !<\/p>\n\n\n\n<p class=\"wp-block-paragraph\">Le WordCamp Lyon 2022 c&rsquo;est :<\/p>\n\n\n\n<ul class=\"wp-block-list\">\n<li><strong>deux salles de conf\u00e9rences<\/strong>&nbsp;toute la journ\u00e9e avec des dizaines d\u2019intervenants de qualit\u00e9 sur deux niveaux d\u00e9butant et avanc\u00e9<\/li>\n\n\n\n<li>\u00e0 un&nbsp;<strong>espace Sponsors,&nbsp;<\/strong>pour d\u00e9couvrir et \u00e9changer avec les acteurs de la communaut\u00e9 WordPress,<\/li>\n\n\n\n<li>\u00e0 un&nbsp;<strong>espace&nbsp;Communautaire<\/strong>, pour partager et \u00e9changer avec les experts WordPress et les associations locales,<\/li>\n\n\n\n<li>\u00e0 un&nbsp;<strong>espace Networking<\/strong>,&nbsp; pour des rencontres avec des recruteurs, et les orateurs,<\/li>\n\n\n\n<li>\u00e0&nbsp;<strong>un d\u00e9jeuner le midi, caf\u00e9s et viennoiseries<\/strong> durant la journ\u00e9e,<\/li>\n\n\n\n<li>\u00e0 des<strong>&nbsp;goodies surprises,<\/strong><\/li>\n\n\n\n<li>\u00e0 une <strong>after-party<\/strong> :<strong style=\"background-color: var(--wp--preset--color--background);color: var(--wp--preset--color--foreground);font-family: var(--wp--preset--font-family--system-font);font-size: var(--wp--preset--font-size--medium)\"> <strong>&nbsp;<\/strong><\/strong>en plus de la journ\u00e9e vous \u00eates convi\u00e9s \u00e0 une soir\u00e9e en petit comit\u00e9 autour d\u2019un ap\u00e9ritif dinatoire (les d\u00e9tails de la soir\u00e9e arrivent tr\u00e8s vite)<\/li>\n<\/ul>\n\n\n<a href=\"https:\/\/lyon.wordcamp.org\/2022\/billetterie\/\">Veuillez consulter cette page dans un navigateur pour acheter ou g\u00e9rer vos billets.<\/a>\n","protected":false},"excerpt":{"rendered":"<p>L&rsquo;\u00e9v\u00e8nement est complet ! Mais revenez fr\u00e9quemment visiter cette page : il peut que des places se lib\u00e8rent jusqu&rsquo;au dernier moment ! Le WordCamp Lyon 2022 c&rsquo;est :<\/p>\n","protected":false},"author":11529014,"featured_media":0,"parent":0,"menu_order":0,"comment_status":"closed","ping_status":"closed","template":"","meta":{"_crdt_document":"","jetpack_post_was_ever_published":false,"footnotes":""},"class_list":["post-13","page","type-page","status-publish","hentry"],"jetpack_sharing_enabled":true,"_links":{"self":[{"href":"https:\/\/lyon.wordcamp.org\/2022\/wp-json\/wp\/v2\/pages\/13","targetHints":{"allow":["GET"]}}],"collection":[{"href":"https:\/\/lyon.wordcamp.org\/2022\/wp-json\/wp\/v2\/pages"}],"about":[{"href":"https:\/\/lyon.wordcamp.org\/2022\/wp-json\/wp\/v2\/types\/page"}],"author":[{"embeddable":true,"href":"https:\/\/lyon.wordcamp.org\/2022\/wp-json\/wp\/v2\/users\/11529014"}],"replies":[{"embeddable":true,"href":"https:\/\/lyon.wordcamp.org\/2022\/wp-json\/wp\/v2\/comments?post=13"}],"version-history":[{"count":37,"href":"https:\/\/lyon.wordcamp.org\/2022\/wp-json\/wp\/v2\/pages\/13\/revisions"}],"predecessor-version":[{"id":2207,"href":"https:\/\/lyon.wordcamp.org\/2022\/wp-json\/wp\/v2\/pages\/13\/revisions\/2207"}],"wp:attachment":[{"href":"https:\/\/lyon.wordcamp.org\/2022\/wp-json\/wp\/v2\/media?parent=13"}],"curies":[{"name":"wp","href":"https:\/\/api.w.org\/{rel}","templated":true}]}}