{"id":235,"date":"2022-08-24T16:50:25","date_gmt":"2022-08-24T14:50:25","guid":{"rendered":"https:\/\/lyon.wordcamp.org\/2022\/?page_id=235"},"modified":"2022-09-14T10:39:18","modified_gmt":"2022-09-14T08:39:18","slug":"devenez-sponsor","status":"publish","type":"page","link":"https:\/\/lyon.wordcamp.org\/2022\/devenez-sponsor\/","title":{"rendered":"Devenez sponsor"},"content":{"rendered":"\n<div class=\"wp-block-cover alignfull is-light\"><span aria-hidden=\"true\" class=\"wp-block-cover__background has-white-background-color has-background-dim\"><\/span><img loading=\"lazy\" decoding=\"async\" width=\"1707\" height=\"2560\" class=\"wp-block-cover__image-background wp-image-145\" alt=\"\" src=\"https:\/\/lyon.wordcamp.org\/2022\/files\/2022\/08\/ryan-shumway-n5F3fH0lIY-unsplash-scaled.jpeg\" style=\"object-position:52% 0%\" data-object-fit=\"cover\" data-object-position=\"52% 0%\" srcset=\"https:\/\/lyon.wordcamp.org\/2022\/files\/2022\/08\/ryan-shumway-n5F3fH0lIY-unsplash-scaled.jpeg 1707w, https:\/\/lyon.wordcamp.org\/2022\/files\/2022\/08\/ryan-shumway-n5F3fH0lIY-unsplash-200x300.jpeg 200w, https:\/\/lyon.wordcamp.org\/2022\/files\/2022\/08\/ryan-shumway-n5F3fH0lIY-unsplash-683x1024.jpeg 683w, https:\/\/lyon.wordcamp.org\/2022\/files\/2022\/08\/ryan-shumway-n5F3fH0lIY-unsplash-768x1152.jpeg 768w, https:\/\/lyon.wordcamp.org\/2022\/files\/2022\/08\/ryan-shumway-n5F3fH0lIY-unsplash-1024x1536.jpeg 1024w, https:\/\/lyon.wordcamp.org\/2022\/files\/2022\/08\/ryan-shumway-n5F3fH0lIY-unsplash-1365x2048.jpeg 1365w, https:\/\/lyon.wordcamp.org\/2022\/files\/2022\/08\/ryan-shumway-n5F3fH0lIY-unsplash-1200x1800.jpeg 1200w, https:\/\/lyon.wordcamp.org\/2022\/files\/2022\/08\/ryan-shumway-n5F3fH0lIY-unsplash-1980x2970.jpeg 1980w\" sizes=\"auto, (max-width: 1707px) 100vw, 1707px\" \/><div class=\"wp-block-cover__inner-container is-layout-flow wp-block-cover-is-layout-flow\">\n<div class=\"wp-block-cover alignfull\"><span aria-hidden=\"true\" class=\"wp-block-cover__background has-vivid-red-background-color has-background-dim\"><\/span><img loading=\"lazy\" decoding=\"async\" width=\"2048\" height=\"1365\" class=\"wp-block-cover__image-background wp-image-254\" alt=\"\" src=\"https:\/\/lyon.wordcamp.org\/2022\/files\/2022\/08\/48765868428_0257c095f0_k.jpg\" data-object-fit=\"cover\" srcset=\"https:\/\/lyon.wordcamp.org\/2022\/files\/2022\/08\/48765868428_0257c095f0_k.jpg 2048w, https:\/\/lyon.wordcamp.org\/2022\/files\/2022\/08\/48765868428_0257c095f0_k-600x400.jpg 600w, https:\/\/lyon.wordcamp.org\/2022\/files\/2022\/08\/48765868428_0257c095f0_k-1200x800.jpg 1200w, https:\/\/lyon.wordcamp.org\/2022\/files\/2022\/08\/48765868428_0257c095f0_k-300x200.jpg 300w, https:\/\/lyon.wordcamp.org\/2022\/files\/2022\/08\/48765868428_0257c095f0_k-768x512.jpg 768w, https:\/\/lyon.wordcamp.org\/2022\/files\/2022\/08\/48765868428_0257c095f0_k-450x300.jpg 450w, https:\/\/lyon.wordcamp.org\/2022\/files\/2022\/08\/48765868428_0257c095f0_k-1536x1024.jpg 1536w\" sizes=\"auto, (max-width: 2048px) 100vw, 2048px\" \/><div class=\"wp-block-cover__inner-container is-layout-flow wp-block-cover-is-layout-flow\">\n<h1 class=\"has-text-align-center wp-block-heading\">Devenez sponsor<\/h1>\n<\/div><\/div>\n<\/div><\/div>\n\n\n\n<p class=\"wp-block-paragraph\">Le nom \u00ab WordCamp \u00bb d\u00e9signe un \u00e9v\u00e8nement WordPress officiel, organis\u00e9 par et pour la communaut\u00e9.<\/p>\n\n\n\n<p class=\"wp-block-paragraph\">Les WordCamps r\u00e9unissent professionnels chevronn\u00e9s et simples utilisateurs. Les profils sont vari\u00e9s, allant de l\u2019int\u00e9grateur web au chef d\u2019entreprise et aux d\u00e9veloppeurs, mais tous partagent la m\u00eame passion pour WordPress et les possibilit\u00e9s de ce CMS.<\/p>\n\n\n\n<p class=\"wp-block-paragraph\">Ce sont des \u00e9v\u00e9nements \u00e9ducatifs et \u00e0 but non lucratif, qui ne seraient pas possibles sans le financement des entreprises et l\u2019engagement des b\u00e9n\u00e9voles locaux.<br><br>300 participants sont attendus cette ann\u00e9e, dont des d\u00e9veloppeurs, concepteurs, utilisateurs, des agences, des freelances, des b\u00e9n\u00e9voles et des intervenants. Tous seront r\u00e9unis pour deux jours de conf\u00e9rences et d\u2019ateliers.<\/p>\n\n\n\n<p class=\"has-secondary-background-color has-background wp-block-paragraph\">\u00catre sponsor du WordCamp Lyon, c\u2019est tout d\u2019abord&nbsp;<strong>soutenir financi\u00e8rement l\u2019\u00e9v\u00e8nement<\/strong>&nbsp;: permettre aux organisateurs de disposer de moyens financiers suffisants pour organiser deux jours de conf\u00e9rences et d\u2019ateliers \u00e0 la hauteur des attentes des participants.<\/p>\n\n\n\n<p class=\"wp-block-paragraph\"><strong>C\u2019est \u00eatre visible par des utilisateurs et professionnels de WordPress de tous les niveaux, du d\u00e9butant \u00e0 l\u2019avanc\u00e9,&nbsp;<\/strong>et toucher&nbsp; des centaines de personnes de multiples niveaux de comp\u00e9tence et de secteurs d\u2019activit\u00e9s.<\/p>\n\n\n\n<p class=\"wp-block-paragraph\"><strong>C\u2019est associer votre marque au valeur du CMS open source WordPress<\/strong>,&nbsp;<a href=\"http:\/\/trends.builtwith.com\/cms\/WordPress\">utilis\u00e9 par 33% des sites Internet <\/a>en 2022.<\/p>\n\n\n\n<p class=\"wp-block-paragraph\">Enfin, c\u2019est&nbsp;<strong>contribuer de mani\u00e8re tangible et visible au projet WordPress<\/strong>, l\u2019un des projets open source les plus connus \u00e0 l\u2019heure actuelle.<\/p>\n\n\n\n<h2 class=\"wp-block-heading\">Comment&nbsp;sponsoriser le WordCamp Lyon ?<\/h2>\n\n\n\n<p class=\"wp-block-paragraph\">En accord avec&nbsp;<a rel=\"noreferrer noopener\" href=\"http:\/\/central.wordcamp.org\/\" target=\"_blank\">WordCamp Central<\/a>, l\u2019instance officielle de gestion globale des WordCamps, l\u2019\u00e9quipe organisatrice du WordCamp Paris a mis en place plusieurs niveaux de sponsoring permettant \u00e0 chacun de contribuer \u00e0 l\u2019\u00e9v\u00e9nement. <br>Ces niveaux commencent par le niveau Micro, \u00e0 destination des freelances, des petites soci\u00e9t\u00e9s ou simplement des fans de WordPress qui souhaitent soutenir l\u2019\u00e9v\u00e9nement avec plus que le prix du ticket, jusqu\u2019au niveau Platine, \u00e0 destination des entreprises.<\/p>\n\n\n\n<p class=\"wp-block-paragraph\"><strong>Tous les sponsors doivent accepter la&nbsp;<a href=\"https:\/\/lyon.wordcamp.org\/2022\/charte-des-wordcamps\/\" data-type=\"page\" data-id=\"251\">Charte des WordCamps<\/a><\/strong>.<\/p>\n\n\n\n<p class=\"wp-block-paragraph\">Nous sommes ouverts \u00e0 tous les sponsors, notamment ceux qui ont un rapport avec WordPress et son \u00e9cosyst\u00e8me:<\/p>\n\n\n\n<ul class=\"wp-block-list\"><li>Les soci\u00e9t\u00e9s et personnes qui vivent (ou font des \u00e9conomies) gr\u00e2ce \u00e0 WordPress, bas\u00e9es de pr\u00e9f\u00e9rence \u00e0 Lyon et r\u00e9gion lyonnaise (sans que cela soit une obligation).<\/li><li>Les soci\u00e9t\u00e9s utiles \u00e0 la communaut\u00e9 locale : espace de co-working, \u00e9coles, h\u00e9bergeurs et fournisseurs d\u2019acc\u00e8s, boutiques informatiques\u2026<\/li><\/ul>\n\n\n\n<p class=\"wp-block-paragraph\"><em>Nous sommes \u00e9galement int\u00e9ress\u00e9s par les offres de sponsoring en nature.<br>Vous pouvez aussi devenir partenaire du&nbsp;WordCamp en finan\u00e7ant directement un aspect particulier : location de salle, d\u00e9jeuner, soir\u00e9e communautaire, etc.&nbsp;<\/em><br><em>Si vous souhaitez devenir partenaire du WordCamp, utilisez le formulaire de contact ci-dessous en indiquant \u00ab&nbsp;partenaire&nbsp;\u00bb au lieu du niveau de sponsoring. Merci.<\/em><\/p>\n\n\n\n<h2 class=\"wp-block-heading\">Les niveaux de sponsoring<\/h2>\n\n\n\n<h3 class=\"wp-block-heading\"><strong>PLATINE- 6 000\u20ac HT<\/strong><br>(<s>0 disponibilit\u00e9<\/s>)<\/h3>\n\n\n\n<ul class=\"wp-block-list\"><li>Large logo sur la devanture ext\u00e9rieure&nbsp; + Large logo sur le stand d\u2019accueil<\/li><li>Article sur le site de l\u2019\u00e9v\u00e9nement avec lien et logo vers votre site.<\/li><li>Communication du partenariat sur le compte Twitter de l\u2019\u00e9v\u00e9nement.<\/li><li>Remerciement formel \u00e0 l\u2019ouverture et fermeture.<\/li><li>Logo dans le premier emplacement sur tous les supports imprim\u00e9s et num\u00e9riques :<\/li><li>Goodies pour votre promotion (flyer, t-shirt, cl\u00e9 USB, etc\u2026).<\/li><li>2 entr\u00e9es pour l\u2019\u00e9v\u00e9nement.<\/li><li>2 invitations pour le d\u00eener Orateurs&nbsp;<\/li><li>Affichage de votre logo sur les \u00e9crans entre les conf\u00e9rences.<\/li><li>Stand sup\u00e9rieur (3 tables) pour votre communication.<\/li><li>Rollup sur sc\u00e8ne<\/li><li>Web Badge Sponsor pour communiquer sur vos supports<\/li><\/ul>\n\n\n\n<h3 class=\"wp-block-heading\"><strong>OR \u2013 3 000 \u20ac HT<br><\/strong>(<s>0 disponibilit\u00e9<\/s>)<\/h3>\n\n\n\n<ul class=\"wp-block-list\"><li>Stand classique 1 (table) pour votre communication.<\/li><li>Article sur le site de l\u2019\u00e9v\u00e9nement avec lien et logo vers votre site.<\/li><li>Communication du partenariat sur le compte Twitter de l\u2019\u00e9v\u00e9nement.<\/li><li>Remerciement formel \u00e0 l\u2019ouverture et fermeture.<\/li><li>Logo dans le deuxi\u00e8me emplacement sur tous les supports imprim\u00e9s et num\u00e9riques&nbsp;<\/li><li>Goodies pour votre promotion (flyer, t-shirt, cl\u00e9 USB, etc\u2026).<\/li><li>2 entr\u00e9es pour l\u2019\u00e9v\u00e9nement.<\/li><li>2 invitations pour le diner Orateurs&nbsp;<\/li><li>Affichage de votre logo sur les \u00e9crans entre les conf\u00e9rences.<\/li><li>Moyen logo sur le stand d\u2019accueil<\/li><li>Rollup sur le lieu de l&rsquo;\u00e9v\u00e9nement<\/li><li>Web Badge Sponsor pour communiquer sur vos supports<\/li><\/ul>\n\n\n\n<h3 class=\"wp-block-heading\"><strong>ARGENT \u2013 1 500\u20ac HT<br><\/strong>(<s>0 disponibilit\u00e9<\/s>)<\/h3>\n\n\n\n<ul class=\"wp-block-list\"><li>Mange debout + rollup sur le lieu de l&rsquo;\u00e9v\u00e9nement<\/li><li>Article sur le site de l\u2019\u00e9v\u00e9nement avec lien et logo vers votre site.<\/li><li>Communication du partenariat sur le compte Twitter de l\u2019\u00e9v\u00e9nement.<\/li><li>Remerciement formel \u00e0 l\u2019ouverture et fermeture.<\/li><li>Logo dans le troisi\u00e8me emplacement sur tous les supports imprim\u00e9s et num\u00e9riques&nbsp;<\/li><li>Goodies pour votre promotion (flyer, t-shirt, cl\u00e9 USB, etc\u2026).<\/li><li>2 entr\u00e9es pour l\u2019\u00e9v\u00e9nement.<\/li><li>2 invitations pour le d\u00eener \u00ab Orateurs \u00bb du jeudi soir.<\/li><li>Affichage de votre logo sur les \u00e9crans entre les conf\u00e9rences.<\/li><\/ul>\n\n\n\n<h3 class=\"wp-block-heading\"><strong>BRONZE \u2013 750\u20ac HT<br><\/strong>(<s>0 disponibilit\u00e9<\/s>)<\/h3>\n\n\n\n<ul class=\"wp-block-list\"><li>Article sur le site de l\u2019\u00e9v\u00e9nement avec lien et logo vers votre site.<\/li><li>Communication du partenariat sur le compte Twitter de l\u2019\u00e9v\u00e9nement.<\/li><li>Remerciement formel \u00e0 l\u2019ouverture et fermeture.<\/li><li>Logo dans le quatri\u00e8me emplacement sur tous les supports imprim\u00e9s et num\u00e9riques : site (avec lien vers votre site internet), e-mails, banni\u00e8res, etc\u2026<\/li><li>Goodie pour votre promotion (flyer, t-shirt, cl\u00e9 USB, etc\u2026) sur la table des sponsors<\/li><li>1 entr\u00e9e pour l\u2019\u00e9v\u00e9nement.<\/li><li>1 invitations pour le d\u00eener \u00ab Orateurs \u00bb du jeudi soir.<\/li><\/ul>\n\n\n\n<h3 class=\"wp-block-heading\"><strong>MICRO \u2013 150\u20ac HT<br><\/strong>(<s>0 disponibilit\u00e9<\/s>)<\/h3>\n\n\n\n<ul class=\"wp-block-list\"><li>1 entr\u00e9e pour l\u2019\u00e9v\u00e9nement.<\/li><li>Communication du partenariat sur le compte Twitter de l\u2019\u00e9v\u00e9nement.<\/li><li>Remerciement formel \u00e0 l\u2019ouverture et fermeture.<\/li><li>Citation sur un article commun<\/li><li>1 invitation pour le d\u00eener \u00ab Orateurs \u00bb du jeudi soir.<\/li><\/ul>\n","protected":false},"excerpt":{"rendered":"<p>Le nom \u00ab WordCamp \u00bb d\u00e9signe un \u00e9v\u00e8nement WordPress officiel, organis\u00e9 par et pour la communaut\u00e9. Les WordCamps r\u00e9unissent professionnels chevronn\u00e9s et simples utilisateurs. Les profils sont vari\u00e9s, allant de l\u2019int\u00e9grateur web au chef d\u2019entreprise et aux d\u00e9veloppeurs, mais tous partagent la m\u00eame passion pour WordPress et les possibilit\u00e9s de ce CMS. Ce sont des [&hellip;]<\/p>\n","protected":false},"author":16016728,"featured_media":254,"parent":0,"menu_order":0,"comment_status":"closed","ping_status":"closed","template":"","meta":{"_crdt_document":"","jetpack_post_was_ever_published":false,"footnotes":""},"class_list":["post-235","page","type-page","status-publish","has-post-thumbnail","hentry"],"jetpack_sharing_enabled":true,"_links":{"self":[{"href":"https:\/\/lyon.wordcamp.org\/2022\/wp-json\/wp\/v2\/pages\/235","targetHints":{"allow":["GET"]}}],"collection":[{"href":"https:\/\/lyon.wordcamp.org\/2022\/wp-json\/wp\/v2\/pages"}],"about":[{"href":"https:\/\/lyon.wordcamp.org\/2022\/wp-json\/wp\/v2\/types\/page"}],"author":[{"embeddable":true,"href":"https:\/\/lyon.wordcamp.org\/2022\/wp-json\/wp\/v2\/users\/16016728"}],"replies":[{"embeddable":true,"href":"https:\/\/lyon.wordcamp.org\/2022\/wp-json\/wp\/v2\/comments?post=235"}],"version-history":[{"count":20,"href":"https:\/\/lyon.wordcamp.org\/2022\/wp-json\/wp\/v2\/pages\/235\/revisions"}],"predecessor-version":[{"id":980,"href":"https:\/\/lyon.wordcamp.org\/2022\/wp-json\/wp\/v2\/pages\/235\/revisions\/980"}],"wp:featuredmedia":[{"embeddable":true,"href":"https:\/\/lyon.wordcamp.org\/2022\/wp-json\/wp\/v2\/media\/254"}],"wp:attachment":[{"href":"https:\/\/lyon.wordcamp.org\/2022\/wp-json\/wp\/v2\/media?parent=235"}],"curies":[{"name":"wp","href":"https:\/\/api.w.org\/{rel}","templated":true}]}}